{"id":255,"date":"2022-11-15T15:26:13","date_gmt":"2022-11-15T14:26:13","guid":{"rendered":"https:\/\/www.colegiosantaana.es\/wordpress\/?page_id=255"},"modified":"2024-03-05T18:41:08","modified_gmt":"2024-03-05T17:41:08","slug":"plan-de-accion-pastoral","status":"publish","type":"page","link":"https:\/\/www.colegiosantaana.es\/wordpress\/plan-de-accion-pastoral\/","title":{"rendered":"Plan de acci\u00f3n pastoral"},"content":{"rendered":"\n<p class=\"has-text-align-center\">Clica sobre la imagen<\/p>\n\n\n<div class=\"wp-block-image\">\n<figure class=\"aligncenter size-full\"><a href=\"https:\/\/drive.google.com\/drive\/folders\/1D9TcMpwkSDNQ-ZuXo3_MxgVJHQyj5aB0?usp=sharing\"><img fetchpriority=\"high\" decoding=\"async\" width=\"505\" height=\"245\" src=\"https:\/\/www.colegiosantaana.es\/wordpress\/wp-content\/uploads\/2022\/11\/familiacorazonista_pastoral1.png\" alt=\"\" class=\"wp-image-256\" srcset=\"https:\/\/www.colegiosantaana.es\/wordpress\/wp-content\/uploads\/2022\/11\/familiacorazonista_pastoral1.png 505w, https:\/\/www.colegiosantaana.es\/wordpress\/wp-content\/uploads\/2022\/11\/familiacorazonista_pastoral1-300x146.png 300w\" sizes=\"(max-width: 505px) 100vw, 505px\" \/><\/a><\/figure>\n<\/div>\n\n\n<p>Partimos de la afirmaci\u00f3n de que nuestros Centros educan evangelizando y evangelizan al educar. Por tanto la acci\u00f3n pastoral es responsabilidad \u00faltima de la direcci\u00f3n del centro como cualquier otro aspecto pedag\u00f3gico o funcional.<br>La Pastoral de la escuela cat\u00f3lica tiene una importancia tal que requiere una estructura propia, con objetivos, m\u00e9todo, programaci\u00f3n y, por supuesto, equipo de trabajo responsable.<br>Aunque cada grupo de edad necesita una organizaci\u00f3n pastoral espec\u00edfica de personas y de medios adecuados, es imprescindible que haya personas concretas y tiempos dedicados a preparar, pensar, motivar y realizar acciones pastorales.<br>Se debe tener en cuenta tambi\u00e9n la coordinaci\u00f3n con otras plataformas pastorales y culturales: parroquia, colegios del barrio, di\u00f3cesis, actividades del ayuntamiento o comunidad aut\u00f3noma\u2026 No son tiempos de funcionar aislados e independientemente, sino para potenciar el encuentro de los alumnos con gente de su edad en entornos saludables y evang\u00e9licos.<\/p>\n\n\n\n<p>El equipo de pastoral<\/p>\n\n\n\n<p>Para la realizaci\u00f3n de este proyecto de pastoral misionera es fundamental la creaci\u00f3n y funcionamiento del equipo de pastoral, adem\u00e1s del Departamento de Pastoral, que organice y coordine todas las actividades pastorales. Tiene que ser el alma del Colegio. Tiene que estar en el organigrama del Colegio (RRI) y mantener una relaci\u00f3n fluida con el Claustro de Profesores y una presencia activa, significativa y vinculante con el equipo directivo, y en la medida de lo posible que forme parte del equipo directivo<br>Es imprescindible que sean personas que testimonien con la propia vida, personas que han hecho su propia experiencia de Dios y la han integrado en su vida cotidiana. Personas que realmente crean que Jes\u00fas y su Evangelio son una buena noticia para el mundo. Que compartan el Car\u00e1cter Propio del centro y el carisma propio de la familia religiosa o instituci\u00f3n que dirige el Centro.<br>El equipo de pastoral no se limita al equipo de personas que se ocupan de un modo especial de ello. Hay otros agentes de pastoral que, de diversas formas, conocen el proyecto, lo animan y lo enriquecen.<\/p>\n\n\n\n<p>\u2022 La comunidad religiosa<br>\u2022 El equipo directivo<br>\u2022 Los profesores como agentes de evangelizaci\u00f3n<br>\u2022 Los animadores de grupos de fe, ocio y tiempo libre<br>\u2022 La familia como factor insustituible en la transmisi\u00f3n de la fe.<\/p>\n\n\n\n<p>El Plan de Pastoral del Centro tiene que hacer funcional el Proyecto educativo, que sue\u00f1e con una escuela significativamente evang\u00e9lica, \u201cen clave pastoral\u201d Cada a\u00f1o se elaborar\u00e1 una programaci\u00f3n anual de pastoral que se\u00f1ale las prioridades, objetivos espec\u00edficos, estrategias y un calendario de actividades.<\/p>\n","protected":false},"excerpt":{"rendered":"<p>Clica sobre la imagen Partimos de la afirmaci\u00f3n de que nuestros Centros educan evangelizando y evangelizan al educar. Por tanto la acci\u00f3n pastoral es responsabilidad \u00faltima de la direcci\u00f3n del centro como cualquier otro aspecto pedag\u00f3gico o funcional.La Pastoral de la escuela cat\u00f3lica tiene una importancia tal que requiere una estructura propia, con objetivos, m\u00e9todo, &#8230; <a title=\"Plan de acci\u00f3n pastoral\" class=\"read-more\" href=\"https:\/\/www.colegiosantaana.es\/wordpress\/plan-de-accion-pastoral\/\" aria-label=\"Leer m\u00e1s sobre Plan de acci\u00f3n pastoral\">Leer m\u00e1s<\/a><\/p>\n","protected":false},"author":1,"featured_media":0,"parent":0,"menu_order":0,"comment_status":"closed","ping_status":"closed","template":"","meta":{"footnotes":""},"class_list":["post-255","page","type-page","status-publish"],"_links":{"self":[{"href":"https:\/\/www.colegiosantaana.es\/wordpress\/wp-json\/wp\/v2\/pages\/255","targetHints":{"allow":["GET"]}}],"collection":[{"href":"https:\/\/www.colegiosantaana.es\/wordpress\/wp-json\/wp\/v2\/pages"}],"about":[{"href":"https:\/\/www.colegiosantaana.es\/wordpress\/wp-json\/wp\/v2\/types\/page"}],"author":[{"embeddable":true,"href":"https:\/\/www.colegiosantaana.es\/wordpress\/wp-json\/wp\/v2\/users\/1"}],"replies":[{"embeddable":true,"href":"https:\/\/www.colegiosantaana.es\/wordpress\/wp-json\/wp\/v2\/comments?post=255"}],"version-history":[{"count":2,"href":"https:\/\/www.colegiosantaana.es\/wordpress\/wp-json\/wp\/v2\/pages\/255\/revisions"}],"predecessor-version":[{"id":637,"href":"https:\/\/www.colegiosantaana.es\/wordpress\/wp-json\/wp\/v2\/pages\/255\/revisions\/637"}],"wp:attachment":[{"href":"https:\/\/www.colegiosantaana.es\/wordpress\/wp-json\/wp\/v2\/media?parent=255"}],"curies":[{"name":"wp","href":"https:\/\/api.w.org\/{rel}","templated":true}]}}

Plan de acción pastoral

<p class="has-text-align-center">Clica sobre la imagen</p>


<div class="wp-block-image">
<figure class="aligncenter size-full"><a href="https://drive.google.com/drive/folders/1D9TcMpwkSDNQ-ZuXo3_MxgVJHQyj5aB0?usp=sharing"><img fetchpriority="high" decoding="async" width="505" height="245" src="https://www.colegiosantaana.es/wordpress/wp-content/uploads/2022/11/familiacorazonista_pastoral1.png" alt="" class="wp-image-256" srcset="https://www.colegiosantaana.es/wordpress/wp-content/uploads/2022/11/familiacorazonista_pastoral1.png 505w, https://www.colegiosantaana.es/wordpress/wp-content/uploads/2022/11/familiacorazonista_pastoral1-300x146.png 300w" sizes="(max-width: 505px) 100vw, 505px" /></a></figure>
</div>


<p>Partimos de la afirmación de que nuestros Centros educan evangelizando y evangelizan al educar. Por tanto la acción pastoral es responsabilidad última de la dirección del centro como cualquier otro aspecto pedagógico o funcional.<br>La Pastoral de la escuela católica tiene una importancia tal que requiere una estructura propia, con objetivos, método, programación y, por supuesto, equipo de trabajo responsable.<br>Aunque cada grupo de edad necesita una organización pastoral específica de personas y de medios adecuados, es imprescindible que haya personas concretas y tiempos dedicados a preparar, pensar, motivar y realizar acciones pastorales.<br>Se debe tener en cuenta también la coordinación con otras plataformas pastorales y culturales: parroquia, colegios del barrio, diócesis, actividades del ayuntamiento o comunidad autónoma… No son tiempos de funcionar aislados e independientemente, sino para potenciar el encuentro de los alumnos con gente de su edad en entornos saludables y evangélicos.</p>



<p>El equipo de pastoral</p>



<p>Para la realización de este proyecto de pastoral misionera es fundamental la creación y funcionamiento del equipo de pastoral, además del Departamento de Pastoral, que organice y coordine todas las actividades pastorales. Tiene que ser el alma del Colegio. Tiene que estar en el organigrama del Colegio (RRI) y mantener una relación fluida con el Claustro de Profesores y una presencia activa, significativa y vinculante con el equipo directivo, y en la medida de lo posible que forme parte del equipo directivo<br>Es imprescindible que sean personas que testimonien con la propia vida, personas que han hecho su propia experiencia de Dios y la han integrado en su vida cotidiana. Personas que realmente crean que Jesús y su Evangelio son una buena noticia para el mundo. Que compartan el Carácter Propio del centro y el carisma propio de la familia religiosa o institución que dirige el Centro.<br>El equipo de pastoral no se limita al equipo de personas que se ocupan de un modo especial de ello. Hay otros agentes de pastoral que, de diversas formas, conocen el proyecto, lo animan y lo enriquecen.</p>



<p>• La comunidad religiosa<br>• El equipo directivo<br>• Los profesores como agentes de evangelización<br>• Los animadores de grupos de fe, ocio y tiempo libre<br>• La familia como factor insustituible en la transmisión de la fe.</p>



<p>El Plan de Pastoral del Centro tiene que hacer funcional el Proyecto educativo, que sueñe con una escuela significativamente evangélica, “en clave pastoral” Cada año se elaborará una programación anual de pastoral que señale las prioridades, objetivos específicos, estrategias y un calendario de actividades.</p>

<p>Clica sobre la imagen Partimos de la afirmación de que nuestros Centros educan evangelizando y evangelizan al educar. Por tanto la acción pastoral es responsabilidad última de la dirección del centro como cualquier otro aspecto pedagógico o funcional.La Pastoral de la escuela católica tiene una importancia tal que requiere una estructura propia, con objetivos, método, &#8230; <a title="Plan de acción pastoral" class="read-more" href="https://www.colegiosantaana.es/wordpress/plan-de-accion-pastoral/" aria-label="Leer más sobre Plan de acción pastoral">Leer más</a></p>
