{"id":288,"date":"2022-11-15T16:40:32","date_gmt":"2022-11-15T15:40:32","guid":{"rendered":"https:\/\/www.colegiosantaana.es\/wordpress\/?page_id=288"},"modified":"2024-05-07T08:22:16","modified_gmt":"2024-05-07T06:22:16","slug":"plan-lector","status":"publish","type":"page","link":"https:\/\/www.colegiosantaana.es\/wordpress\/plan-lector\/","title":{"rendered":"Plan lector"},"content":{"rendered":"\n<p><\/p>\n\n\n<div class=\"wp-block-image\">\n<figure class=\"aligncenter size-full\"><a href=\"https:\/\/drive.google.com\/file\/d\/140CDRU9wqMQ8IY0L9dfCIoo6zUFYNohc\/view?usp=sharing\"><img fetchpriority=\"high\" decoding=\"async\" width=\"250\" height=\"250\" src=\"https:\/\/www.colegiosantaana.es\/wordpress\/wp-content\/uploads\/2022\/11\/planlector.jpg\" alt=\"\" class=\"wp-image-289\" srcset=\"https:\/\/www.colegiosantaana.es\/wordpress\/wp-content\/uploads\/2022\/11\/planlector.jpg 250w, https:\/\/www.colegiosantaana.es\/wordpress\/wp-content\/uploads\/2022\/11\/planlector-150x150.jpg 150w\" sizes=\"(max-width: 250px) 100vw, 250px\" \/><\/a><figcaption class=\"wp-element-caption\">Clica para ver<\/figcaption><\/figure>\n<\/div>\n\n\n<p><strong>An\u00e1lisis de la situaci\u00f3n actual en el contexto del centro escolar y sociofamiliar.<\/strong><\/p>\n\n\n\n<p>El Colegio Santa Ana y San Jos\u00e9 de la Monta\u00f1a&nbsp; est\u00e1 situado geogr\u00e1ficamente en la localidad de Albal, Valencia. Es un centro concertado de Educaci\u00f3n Infantil, Primaria y ESO, en funcionamiento desde 1964.&nbsp;<\/p>\n\n\n\n<p>Actualmente el centro es de una l\u00ednea, con unos 335 alumnos escolarizados.<\/p>\n\n\n\n<p>La Comunidad Educativa es muy din\u00e1mica y responsable, adquiere un gran protagonismo las buenas relaciones entre el Claustro y el AMPA. Esta asociaci\u00f3n es bastante activa y su participaci\u00f3n en las actividades del centro influye de forma positiva en el desarrollo del Plan Anual de Centro.<\/p>\n\n\n\n<p>El colegio, en coherencia con el ideario de centro contemplado en nuestro Proyecto Educativo, planifica sus actividades interdisciplinarias de reflexi\u00f3n y profundizaci\u00f3n y actos culturales (exposiciones, lecturas, conferencias, concursos,\u2026), a la vez que un programa educativo atractivo y gratificante para las familias y el alumnado.<\/p>\n\n\n\n<p><strong>Necesidad de un plan lector.<\/strong><\/p>\n\n\n\n<p>Ser lector es un objetivo que concierne al conjunto de ciudadanos y no s\u00f3lo a los estudiantes, despertando el inter\u00e9s por la lectura y favorecer el h\u00e1bito lector.<\/p>\n\n\n\n<p>Se aprende a leer y se alimenta la lectura para, principalmente, conocer y conocerse, para abrir el mundo \u00edntimo a la presencia de mundos extra\u00f1os, para promover sin desmayo la curiosidad intelectual, el entusiasmo, la raz\u00f3n, el atrevimiento, el libre albedr\u00edo, la avidez de verdad.<\/p>\n\n\n\n<p>Leer aparece as\u00ed como un modo de vivir, lo que, a su vez, les dar\u00e1 mayor seguridad y autonom\u00eda y mejorar\u00e1 progresivamente la competencia lectora de los alumnos.<\/p>\n","protected":false},"excerpt":{"rendered":"<p>An\u00e1lisis de la situaci\u00f3n actual en el contexto del centro escolar y sociofamiliar. El Colegio Santa Ana y San Jos\u00e9 de la Monta\u00f1a&nbsp; est\u00e1 situado geogr\u00e1ficamente en la localidad de Albal, Valencia. Es un centro concertado de Educaci\u00f3n Infantil, Primaria y ESO, en funcionamiento desde 1964.&nbsp; Actualmente el centro es de una l\u00ednea, con unos &#8230; <a title=\"Plan lector\" class=\"read-more\" href=\"https:\/\/www.colegiosantaana.es\/wordpress\/plan-lector\/\" aria-label=\"Leer m\u00e1s sobre Plan lector\">Leer m\u00e1s<\/a><\/p>\n","protected":false},"author":1,"featured_media":0,"parent":0,"menu_order":0,"comment_status":"closed","ping_status":"closed","template":"","meta":{"footnotes":""},"class_list":["post-288","page","type-page","status-publish"],"_links":{"self":[{"href":"https:\/\/www.colegiosantaana.es\/wordpress\/wp-json\/wp\/v2\/pages\/288","targetHints":{"allow":["GET"]}}],"collection":[{"href":"https:\/\/www.colegiosantaana.es\/wordpress\/wp-json\/wp\/v2\/pages"}],"about":[{"href":"https:\/\/www.colegiosantaana.es\/wordpress\/wp-json\/wp\/v2\/types\/page"}],"author":[{"embeddable":true,"href":"https:\/\/www.colegiosantaana.es\/wordpress\/wp-json\/wp\/v2\/users\/1"}],"replies":[{"embeddable":true,"href":"https:\/\/www.colegiosantaana.es\/wordpress\/wp-json\/wp\/v2\/comments?post=288"}],"version-history":[{"count":2,"href":"https:\/\/www.colegiosantaana.es\/wordpress\/wp-json\/wp\/v2\/pages\/288\/revisions"}],"predecessor-version":[{"id":683,"href":"https:\/\/www.colegiosantaana.es\/wordpress\/wp-json\/wp\/v2\/pages\/288\/revisions\/683"}],"wp:attachment":[{"href":"https:\/\/www.colegiosantaana.es\/wordpress\/wp-json\/wp\/v2\/media?parent=288"}],"curies":[{"name":"wp","href":"https:\/\/api.w.org\/{rel}","templated":true}]}}