{"id":320,"date":"2023-01-10T16:17:49","date_gmt":"2023-01-10T15:17:49","guid":{"rendered":"https:\/\/www.colegiosantaana.es\/wordpress\/?page_id=320"},"modified":"2023-01-18T15:28:26","modified_gmt":"2023-01-18T14:28:26","slug":"curriculum-vitae","status":"publish","type":"page","link":"https:\/\/www.colegiosantaana.es\/wordpress\/curriculum-vitae\/","title":{"rendered":"C.V."},"content":{"rendered":"\n<p>Si quieres trabajar con nosotros manda un correo a:&nbsp;<a href=\"mailto:curriculum@colegiosantaana.es\">curriculum@colegiosantaana.es<\/a><\/p>\n\n\n\n<h2 class=\"wp-block-heading\"><strong>Nota Legal<\/strong><\/h2>\n\n\n\n<p>Solo se tendr\u00e1n en cuenta los correos dirigidos a la cuenta&nbsp;<a href=\"mailto:curriculum@colegiosantaana.es\">curriculum@colegiosantaana.es&nbsp;<\/a>los curriculums que se hagan llegar al centro mediante otras direcciones ser\u00e1n eliminados directamente.<\/p>\n\n\n\n<p>De acuerdo con la normativa vigente en materia de protecci\u00f3n de datos as\u00ed como en materia de servicios de la sociedad de la informaci\u00f3n y de comercio electr\u00f3nico, el usuario acepta que los datos personales aportados en la Web, o cualquier otro facilitado a Colegio Santa Ana y San Jos\u00e9 de la Monta\u00f1a para su acceso a algunos de los servicios sean incorporados a ficheros titularidad de Colegio Santa Ana y San Jos\u00e9 de la Monta\u00f1a, con la finalidad de facilitar la prestaci\u00f3n de los servicios solicitados, para la correcta identificaci\u00f3n de los usuarios que solicitan servicios personalizados en la Web, para la gesti\u00f3n de tareas b\u00e1sicas de administraci\u00f3n, as\u00ed como para mantenerle informado, bien por correo electr\u00f3nico bien por cualquier otro medio, de novedades, productos y servicios relacionados con Colegio Santa Ana y San Jos\u00e9 de la Monta\u00f1a. En el caso de comunicaciones comerciales a trav\u00e9s de correo electr\u00f3nico o medio equivalente, el usuario presta su consentimiento expreso para el env\u00edo de publicidad a trav\u00e9s de dicho medio.<\/p>\n\n\n\n<p>Colegio Santa Ana y San Jos\u00e9 de la Monta\u00f1a se compromete al cumplimiento de su obligaci\u00f3n de secreto de los datos de car\u00e1cter personal y de su deber de tratarlos con confidencialidad, y asume, a estos efectos, las medidas de \u00edndole t\u00e9cnica, organizativa y de seguridad necesarias para evitar su alteraci\u00f3n, p\u00e9rdida, tratamiento o acceso no autorizado, de acuerdo con lo establecido en el&nbsp;Reglamento General de Protecci\u00f3n de Datos (RGPD), del 25 de mayo de 2016., y dem\u00e1s legislaci\u00f3n aplicable.<\/p>\n\n\n\n<p>Las respuestas de los campos que contienen un asterisco (*) o se\u00f1aladas como obligatorio, tienen un car\u00e1cter obligatorio, al considerarse la informaci\u00f3n m\u00ednima exigible para gestionar la informaci\u00f3n solicitada, sin esta informaci\u00f3n ser\u00eda imposible desarrollar el servicio solicitado. El resto de los campos son de respuesta facultativa.&nbsp;<\/p>\n\n\n\n<p>El usuario responder\u00e1, en cualquier caso, de la veracidad de los datos facilitados, reserv\u00e1ndose Colegio Santa Ana y San Jos\u00e9 de la Monta\u00f1a el derecho a excluir de los servicios registrados a todo usuario que haya facilitado datos falsos, sin perjuicio de las dem\u00e1s acciones que procedan en Derecho.<\/p>\n\n\n\n<p>Cualquier usuario puede en cualquier momento ejercitar sus derechos de acceso, rectificaci\u00f3n, cancelaci\u00f3n y oposici\u00f3n, mediante un escrito, acreditando su identidad, mediante fotocopia del DNI, y especificando el derecho a ejercitar, a: Colegio Santa Ana y San Jos\u00e9 de la Monta\u00f1a, Plaza de la Iglesia, 10, 46470 \u2013 Albal (VALENCIA).<\/p>\n","protected":false},"excerpt":{"rendered":"<p>Si quieres trabajar con nosotros manda un correo a:&nbsp;curriculum@colegiosantaana.es Nota Legal Solo se tendr\u00e1n en cuenta los correos dirigidos a la cuenta&nbsp;curriculum@colegiosantaana.es&nbsp;los curriculums que se hagan llegar al centro mediante otras direcciones ser\u00e1n eliminados directamente. De acuerdo con la normativa vigente en materia de protecci\u00f3n de datos as\u00ed como en materia de servicios de la &#8230; <a title=\"C.V.\" class=\"read-more\" href=\"https:\/\/www.colegiosantaana.es\/wordpress\/curriculum-vitae\/\" aria-label=\"Leer m\u00e1s sobre C.V.\">Leer m\u00e1s<\/a><\/p>\n","protected":false},"author":1,"featured_media":0,"parent":0,"menu_order":0,"comment_status":"closed","ping_status":"closed","template":"","meta":{"footnotes":""},"class_list":["post-320","page","type-page","status-publish"],"_links":{"self":[{"href":"https:\/\/www.colegiosantaana.es\/wordpress\/wp-json\/wp\/v2\/pages\/320","targetHints":{"allow":["GET"]}}],"collection":[{"href":"https:\/\/www.colegiosantaana.es\/wordpress\/wp-json\/wp\/v2\/pages"}],"about":[{"href":"https:\/\/www.colegiosantaana.es\/wordpress\/wp-json\/wp\/v2\/types\/page"}],"author":[{"embeddable":true,"href":"https:\/\/www.colegiosantaana.es\/wordpress\/wp-json\/wp\/v2\/users\/1"}],"replies":[{"embeddable":true,"href":"https:\/\/www.colegiosantaana.es\/wordpress\/wp-json\/wp\/v2\/comments?post=320"}],"version-history":[{"count":3,"href":"https:\/\/www.colegiosantaana.es\/wordpress\/wp-json\/wp\/v2\/pages\/320\/revisions"}],"predecessor-version":[{"id":389,"href":"https:\/\/www.colegiosantaana.es\/wordpress\/wp-json\/wp\/v2\/pages\/320\/revisions\/389"}],"wp:attachment":[{"href":"https:\/\/www.colegiosantaana.es\/wordpress\/wp-json\/wp\/v2\/media?parent=320"}],"curies":[{"name":"wp","href":"https:\/\/api.w.org\/{rel}","templated":true}]}}