{"id":433,"date":"2023-01-23T10:59:47","date_gmt":"2023-01-23T09:59:47","guid":{"rendered":"https:\/\/www.colegiosantaana.es\/wordpress\/?page_id=433"},"modified":"2023-01-23T10:59:48","modified_gmt":"2023-01-23T09:59:48","slug":"plan-de-accion-tutorial-pat","status":"publish","type":"page","link":"https:\/\/www.colegiosantaana.es\/wordpress\/plan-de-accion-tutorial-pat\/","title":{"rendered":"Plan de Acci\u00f3n tutorial (PAT)"},"content":{"rendered":"\n<p><\/p>\n\n\n\n<p><\/p>\n\n\n<div class=\"wp-block-image\">\n<figure class=\"aligncenter size-full is-resized\"><a href=\"https:\/\/docs.google.com\/document\/d\/1HX9wUphaOmIJziENZ8TadmWREtIxXQ2nGFxLoY9667w\/edit\"><img fetchpriority=\"high\" decoding=\"async\" src=\"https:\/\/www.colegiosantaana.es\/wordpress\/wp-content\/uploads\/2023\/01\/PAT.png\" alt=\"\" class=\"wp-image-370\" width=\"238\" height=\"238\" srcset=\"https:\/\/www.colegiosantaana.es\/wordpress\/wp-content\/uploads\/2023\/01\/PAT.png 480w, https:\/\/www.colegiosantaana.es\/wordpress\/wp-content\/uploads\/2023\/01\/PAT-300x300.png 300w, https:\/\/www.colegiosantaana.es\/wordpress\/wp-content\/uploads\/2023\/01\/PAT-150x150.png 150w\" sizes=\"(max-width: 238px) 100vw, 238px\" \/><\/a><\/figure>\n<\/div>\n\n\n<p>Uno de los ejes fundamentales para lograr la educaci\u00f3n integral de los alumnos\/as se basa en el cuidado de las tutor\u00edas, donde se armoniza el papel de la educaci\u00f3n, de la inteligencia y de la voluntad, con la necesaria formaci\u00f3n de la conciencia moral. La tutor\u00eda es uno de los emblemas del Proyecto educativo cat\u00f3lico, en ella se armonizan lo acad\u00e9mico y la formaci\u00f3n integral en valores. Otros de los ejes son la funci\u00f3n orientadora, como motor de la renovaci\u00f3n pedag\u00f3gica, la atenci\u00f3n a la diversidad, la prevenci\u00f3n de problemas de aprendizaje y la coordinaci\u00f3n de la funci\u00f3n tutorial.<\/p>\n","protected":false},"excerpt":{"rendered":"<p>Uno de los ejes fundamentales para lograr la educaci\u00f3n integral de los alumnos\/as se basa en el cuidado de las tutor\u00edas, donde se armoniza el papel de la educaci\u00f3n, de la inteligencia y de la voluntad, con la necesaria formaci\u00f3n de la conciencia moral. La tutor\u00eda es uno de los emblemas del Proyecto educativo cat\u00f3lico, &#8230; <a title=\"Plan de Acci\u00f3n tutorial (PAT)\" class=\"read-more\" href=\"https:\/\/www.colegiosantaana.es\/wordpress\/plan-de-accion-tutorial-pat\/\" aria-label=\"Leer m\u00e1s sobre Plan de Acci\u00f3n tutorial (PAT)\">Leer m\u00e1s<\/a><\/p>\n","protected":false},"author":1,"featured_media":0,"parent":0,"menu_order":0,"comment_status":"closed","ping_status":"closed","template":"","meta":{"footnotes":""},"class_list":["post-433","page","type-page","status-publish"],"_links":{"self":[{"href":"https:\/\/www.colegiosantaana.es\/wordpress\/wp-json\/wp\/v2\/pages\/433","targetHints":{"allow":["GET"]}}],"collection":[{"href":"https:\/\/www.colegiosantaana.es\/wordpress\/wp-json\/wp\/v2\/pages"}],"about":[{"href":"https:\/\/www.colegiosantaana.es\/wordpress\/wp-json\/wp\/v2\/types\/page"}],"author":[{"embeddable":true,"href":"https:\/\/www.colegiosantaana.es\/wordpress\/wp-json\/wp\/v2\/users\/1"}],"replies":[{"embeddable":true,"href":"https:\/\/www.colegiosantaana.es\/wordpress\/wp-json\/wp\/v2\/comments?post=433"}],"version-history":[{"count":1,"href":"https:\/\/www.colegiosantaana.es\/wordpress\/wp-json\/wp\/v2\/pages\/433\/revisions"}],"predecessor-version":[{"id":434,"href":"https:\/\/www.colegiosantaana.es\/wordpress\/wp-json\/wp\/v2\/pages\/433\/revisions\/434"}],"wp:attachment":[{"href":"https:\/\/www.colegiosantaana.es\/wordpress\/wp-json\/wp\/v2\/media?parent=433"}],"curies":[{"name":"wp","href":"https:\/\/api.w.org\/{rel}","templated":true}]}}