{"id":454,"date":"2023-01-23T11:53:12","date_gmt":"2023-01-23T10:53:12","guid":{"rendered":"https:\/\/www.colegiosantaana.es\/wordpress\/?page_id=454"},"modified":"2023-01-23T11:53:13","modified_gmt":"2023-01-23T10:53:13","slug":"plan-de-enfermedades-cronicas","status":"publish","type":"page","link":"https:\/\/www.colegiosantaana.es\/wordpress\/plan-de-enfermedades-cronicas\/","title":{"rendered":"Plan de Enfermedades Cr\u00f3nicas"},"content":{"rendered":"<div class=\"wp-block-image\">\n<figure class=\"aligncenter size-large is-resized\"><a href=\"https:\/\/drive.google.com\/file\/d\/0B42DSLz3GhI3NkFjWW1nSTlQaFI1VE0wNmZQdnBiMzh0UE9F\/view?resourcekey=0-b2ZyOHpUODaOvVbyw0-4Vw\"><img fetchpriority=\"high\" decoding=\"async\" src=\"https:\/\/www.colegiosantaana.es\/wordpress\/wp-content\/uploads\/2023\/01\/PLAN-DE-ENFERMEDADES-1024x1024.jpg\" alt=\"\" class=\"wp-image-421\" width=\"234\" height=\"234\" srcset=\"https:\/\/www.colegiosantaana.es\/wordpress\/wp-content\/uploads\/2023\/01\/PLAN-DE-ENFERMEDADES-1024x1024.jpg 1024w, https:\/\/www.colegiosantaana.es\/wordpress\/wp-content\/uploads\/2023\/01\/PLAN-DE-ENFERMEDADES-300x300.jpg 300w, https:\/\/www.colegiosantaana.es\/wordpress\/wp-content\/uploads\/2023\/01\/PLAN-DE-ENFERMEDADES-150x150.jpg 150w, https:\/\/www.colegiosantaana.es\/wordpress\/wp-content\/uploads\/2023\/01\/PLAN-DE-ENFERMEDADES-768x768.jpg 768w, https:\/\/www.colegiosantaana.es\/wordpress\/wp-content\/uploads\/2023\/01\/PLAN-DE-ENFERMEDADES-1536x1536.jpg 1536w, https:\/\/www.colegiosantaana.es\/wordpress\/wp-content\/uploads\/2023\/01\/PLAN-DE-ENFERMEDADES.jpg 2000w\" sizes=\"(max-width: 234px) 100vw, 234px\" \/><\/a><\/figure>\n<\/div>\n\n\n<p>Si bien es cierto que la actuaci\u00f3n, y el protocolo, var\u00eda seg\u00fan la atenci\u00f3n sanitaria requerida, sin embargo, vamos a establecer una serie de par\u00e1metros iniciales que se dan en com\u00fan para la elaboraci\u00f3n del protocolo de actuaci\u00f3n.<br>1. Informaci\u00f3n por los padres, es imprescindible que los padres informen al Centro sobre la enfermedad de su hijo y las atenciones que pueden requerir.<br>2. Informaci\u00f3n al personal del Centro educativo, el personal del Centro, tanto docente como no docente, deben conocer en todo momento la enfermedad que padece el alumno y su tratamiento.<br>3. Formaci\u00f3n del personal, el Centro debe instar y facilitar la formaci\u00f3n del personal, actualmente es muy habitual que el personal docente y no docente se forme en asistencia y primeros auxilios.<br>4. Solicitar informes sobre la forma de actuar en casos muy concretos y cu\u00e1les son las pautas que se deben seguir. Nos referimos a enfermedades como el asma, la diabetes, determinadas alergias, etc&#8230;<br>5. Pasar un listado de enfermedades cr\u00f3nicas al centro de salud, elaboraremos un listado y un fichero con los alumnos con enfermedades cr\u00f3nicas donde ira detallada su enfermedad. Actualizaremos dicho fichero al inicio del curso, y pasaremos un listado con el nombre del alumno, el curso y la enfermedad al centro de salud m\u00e1s cercano.<br>6. Enfermedad com\u00fan u ordinaria, los padres de los alumnos con esta situaci\u00f3n en alg\u00fan momento del curso escolar, presentaran el documento donde debidamente rellenado y firmado por los padres y adjuntando los documentos necesarios. Podr\u00e1n solicitar que un adulto medique a su hijo.<\/p>\n","protected":false},"excerpt":{"rendered":"<p>Si bien es cierto que la actuaci\u00f3n, y el protocolo, var\u00eda seg\u00fan la atenci\u00f3n sanitaria requerida, sin embargo, vamos a establecer una serie de par\u00e1metros iniciales que se dan en com\u00fan para la elaboraci\u00f3n del protocolo de actuaci\u00f3n.1. Informaci\u00f3n por los padres, es imprescindible que los padres informen al Centro sobre la enfermedad de su &#8230; <a title=\"Plan de Enfermedades Cr\u00f3nicas\" class=\"read-more\" href=\"https:\/\/www.colegiosantaana.es\/wordpress\/plan-de-enfermedades-cronicas\/\" aria-label=\"Leer m\u00e1s sobre Plan de Enfermedades Cr\u00f3nicas\">Leer m\u00e1s<\/a><\/p>\n","protected":false},"author":1,"featured_media":0,"parent":0,"menu_order":0,"comment_status":"closed","ping_status":"closed","template":"","meta":{"footnotes":""},"class_list":["post-454","page","type-page","status-publish"],"_links":{"self":[{"href":"https:\/\/www.colegiosantaana.es\/wordpress\/wp-json\/wp\/v2\/pages\/454","targetHints":{"allow":["GET"]}}],"collection":[{"href":"https:\/\/www.colegiosantaana.es\/wordpress\/wp-json\/wp\/v2\/pages"}],"about":[{"href":"https:\/\/www.colegiosantaana.es\/wordpress\/wp-json\/wp\/v2\/types\/page"}],"author":[{"embeddable":true,"href":"https:\/\/www.colegiosantaana.es\/wordpress\/wp-json\/wp\/v2\/users\/1"}],"replies":[{"embeddable":true,"href":"https:\/\/www.colegiosantaana.es\/wordpress\/wp-json\/wp\/v2\/comments?post=454"}],"version-history":[{"count":1,"href":"https:\/\/www.colegiosantaana.es\/wordpress\/wp-json\/wp\/v2\/pages\/454\/revisions"}],"predecessor-version":[{"id":455,"href":"https:\/\/www.colegiosantaana.es\/wordpress\/wp-json\/wp\/v2\/pages\/454\/revisions\/455"}],"wp:attachment":[{"href":"https:\/\/www.colegiosantaana.es\/wordpress\/wp-json\/wp\/v2\/media?parent=454"}],"curies":[{"name":"wp","href":"https:\/\/api.w.org\/{rel}","templated":true}]}}