{"id":49,"date":"2022-10-24T11:46:18","date_gmt":"2022-10-24T09:46:18","guid":{"rendered":"https:\/\/www.colegiosantaana.es\/wordpress\/?page_id=49"},"modified":"2025-01-31T08:47:15","modified_gmt":"2025-01-31T07:47:15","slug":"colegio","status":"publish","type":"page","link":"https:\/\/www.colegiosantaana.es\/wordpress\/colegio\/","title":{"rendered":"Colegio"},"content":{"rendered":"\n<h1 class=\"wp-block-heading\">Nuestro colegio<\/h1>\n\n\n\n<p>En 1963 D. Luis Arnau Moles, p\u00e1rroco de la iglesia&nbsp; Virgen de los \u00c1ngeles, decidi\u00f3 fundar un colegio en el entonces huerto de la \u201ccasa Abad\u00eda\u201d. Aconsejados por D. Luis Arnau Moles, decidieron ceder la gesti\u00f3n del Colegio a las Madres de San Jos\u00e9 de la Monta\u00f1a de las que era confesor y ten\u00eda una muy buena opini\u00f3n.<\/p>\n\n\n\n<p>En octubre de 1964 fue inaugurado el Colegio con el nombre de Santa Ana y San Jos\u00e9 de la Monta\u00f1a.<\/p>\n\n\n\n<p>Desde el a\u00f1o 1976, el Colegio Santa Ana y San Jos\u00e9 de la Monta\u00f1a goza del Concierto ofrecido por la Generalitat Valenciana en materia escolar.<\/p>\n\n\n\n<figure class=\"wp-block-image\"><img decoding=\"async\" src=\"https:\/\/lh7-rt.googleusercontent.com\/docsz\/AD_4nXcfIvdskagw8-jXHWztQ0-Y0ITXCth_J-XtX1cgfM1n8esB3NzzwvO1VR3hywBzHsmGCYGFYE_vTGBXnBUA3_YdFkx1D-XkbJbdT0p5VFaP8XA6PING1fTizlNyWSz0QaKgVo0FQBj2XLsn18SjnKKkrYCX?key=P6G21DXvvMdyJ-me9BK6Kw\" alt=\"\"\/><\/figure>\n\n\n\n<p>El domicilio fiscal del centro es :&nbsp;&nbsp;<\/p>\n\n\n\n<p>R4600437J<\/p>\n\n\n\n<p>Plaza de la Iglesia, 10<\/p>\n\n\n\n<p>Tel: &nbsp; &nbsp; 961261984<\/p>\n\n\n\n<p>Web: https:\/\/www.colegiosantaana.es\/wordpress\/<\/p>\n\n\n\n<p>Email: sasjm@colegiosantaana.es<\/p>\n\n\n\n<p>46470 -Albal- 46000249<\/p>\n\n\n\n<p>La poblaci\u00f3n de Albal cuenta con un padr\u00f3n de poblaci\u00f3n censada al 1 de enero de 2.024 de 17.024 habitantes, seg\u00fan datos del INE &#8211; Instituto Nacional de Estad\u00edstica Real Decreto 1.037\/2022, de 20 de diciembre de 2.022. y cuenta con 4 colegios p\u00fablicos y 1 concertado:<\/p>\n\n\n\n<p>CC Santa Ana y San Jos\u00e9 de la Monta\u00f1a<\/p>\n\n\n\n<p>CP San Blas<\/p>\n\n\n\n<p>CP Juan Esteve Mu\u00f1oz<\/p>\n\n\n\n<p>CP San Carlos Borromeo<\/p>\n\n\n\n<p>CP La Balaguera<\/p>\n\n\n\n<p>y un Instituto de Secundaria (IES Albal).<\/p>\n\n\n\n<p><strong>Oferta y demanda educativa<\/strong><\/p>\n\n\n\n<figure class=\"wp-block-image\"><img decoding=\"async\" src=\"https:\/\/lh7-rt.googleusercontent.com\/docsz\/AD_4nXeD_VSn7LVZtXbLcVNrvuFulsSq0yAWmCOeuxSlj3RnbXgiiXdeGHpgRKEiGzhvdRRTFWArIaGNfa1mbBcghcLZyFP8l5x6ZOpnplO2djiMeZHIhnCPnS7qUQFTxM82_-xpDyPuQQoSqM4y9DHSS7A8SLiG?key=P6G21DXvvMdyJ-me9BK6Kw\" alt=\"\"\/><\/figure>\n\n\n\n<p>La gr\u00e1fica nos demuestra que, a\u00f1o tras a\u00f1o, la demanda social respecto a este tipo de centro es constante y debido a su reducido espacio, s\u00f3lo podemos atender a una parte de esas solicitudes. Excepto a partir del curso 2020-2021, marcado por una notable bajada de natalidad que ha afectado a todos los centros de la localidad.<\/p>\n\n\n\n<p>Es por esto, que necesitamos continuar con nuestra labor educativa, para poder atender esa demanda y satisfacer las necesidades de escolarizaci\u00f3n de las familias que optan por un centro con un car\u00e1cter propio religioso.<\/p>\n\n\n\n<p><strong>Alumnado<\/strong><\/p>\n\n\n\n<p>El colegio Santa Ana y San Jos\u00e9 de la Monta\u00f1a, es un centro privado concertado que se articula en tres etapas educativas:&nbsp;<\/p>\n\n\n\n<ul class=\"wp-block-list\">\n<li>2\u00ba ciclo de E. Infantil<\/li>\n\n\n\n<li>E. Primaria<\/li>\n\n\n\n<li>E. Secundaria&nbsp;<\/li>\n\n\n\n<li>y un aula de integraci\u00f3n en E.Primaria<\/li>\n<\/ul>\n\n\n\n<p>Es un colegio de l\u00ednea uno, todas ellas en r\u00e9gimen de concierto educativo.<\/p>\n\n\n\n<p>De car\u00e1cter propio religioso cat\u00f3lico, titulado por la Congregaci\u00f3n de Madres de Desamparados y San Jos\u00e9 de la Monta\u00f1a y perteneciente a un Equipo de Titularidad de la Red de Centros MD (Madres de Desamparados y San Jos\u00e9 de la Monta\u00f1a).<\/p>\n\n\n\n<p>Es un centro familiar, la mayor\u00eda de los alumnos entra y se grad\u00faa en la etapa de secundaria despu\u00e9s de 13 a\u00f1os de escolarizaci\u00f3n.<\/p>\n\n\n\n<p>No obstante el d\u00eda a d\u00eda y la convivencia suelen generar conflictos que hay que trabajar y prever.<\/p>\n\n\n\n<p>En el curso 2024-2025 el Colegio Santa Ana y San Jos\u00e9 de la Monta\u00f1a cuenta con 145 alumnos (45%) y 174 alumnas (55%), para un total de 323.<\/p>\n\n\n\n<p><\/p>\n","protected":false},"excerpt":{"rendered":"<p>Nuestro colegio En 1963 D. Luis Arnau Moles, p\u00e1rroco de la iglesia&nbsp; Virgen de los \u00c1ngeles, decidi\u00f3 fundar un colegio en el entonces huerto de la \u201ccasa Abad\u00eda\u201d. Aconsejados por D. Luis Arnau Moles, decidieron ceder la gesti\u00f3n del Colegio a las Madres de San Jos\u00e9 de la Monta\u00f1a de las que era confesor y &#8230; <a title=\"Colegio\" class=\"read-more\" href=\"https:\/\/www.colegiosantaana.es\/wordpress\/colegio\/\" aria-label=\"Leer m\u00e1s sobre Colegio\">Leer m\u00e1s<\/a><\/p>\n","protected":false},"author":1,"featured_media":0,"parent":0,"menu_order":0,"comment_status":"closed","ping_status":"closed","template":"","meta":{"footnotes":""},"class_list":["post-49","page","type-page","status-publish"],"_links":{"self":[{"href":"https:\/\/www.colegiosantaana.es\/wordpress\/wp-json\/wp\/v2\/pages\/49","targetHints":{"allow":["GET"]}}],"collection":[{"href":"https:\/\/www.colegiosantaana.es\/wordpress\/wp-json\/wp\/v2\/pages"}],"about":[{"href":"https:\/\/www.colegiosantaana.es\/wordpress\/wp-json\/wp\/v2\/types\/page"}],"author":[{"embeddable":true,"href":"https:\/\/www.colegiosantaana.es\/wordpress\/wp-json\/wp\/v2\/users\/1"}],"replies":[{"embeddable":true,"href":"https:\/\/www.colegiosantaana.es\/wordpress\/wp-json\/wp\/v2\/comments?post=49"}],"version-history":[{"count":4,"href":"https:\/\/www.colegiosantaana.es\/wordpress\/wp-json\/wp\/v2\/pages\/49\/revisions"}],"predecessor-version":[{"id":872,"href":"https:\/\/www.colegiosantaana.es\/wordpress\/wp-json\/wp\/v2\/pages\/49\/revisions\/872"}],"wp:attachment":[{"href":"https:\/\/www.colegiosantaana.es\/wordpress\/wp-json\/wp\/v2\/media?parent=49"}],"curies":[{"name":"wp","href":"https:\/\/api.w.org\/{rel}","templated":true}]}}

<h1 class="wp-block-heading">Nuestro colegio</h1>



<p>En 1963 D. Luis Arnau Moles, párroco de la iglesia&nbsp; Virgen de los Ángeles, decidió fundar un colegio en el entonces huerto de la “casa Abadía”. Aconsejados por D. Luis Arnau Moles, decidieron ceder la gestión del Colegio a las Madres de San José de la Montaña de las que era confesor y tenía una muy buena opinión.</p>



<p>En octubre de 1964 fue inaugurado el Colegio con el nombre de Santa Ana y San José de la Montaña.</p>



<p>Desde el año 1976, el Colegio Santa Ana y San José de la Montaña goza del Concierto ofrecido por la Generalitat Valenciana en materia escolar.</p>



<figure class="wp-block-image"><img decoding="async" src="https://lh7-rt.googleusercontent.com/docsz/AD_4nXcfIvdskagw8-jXHWztQ0-Y0ITXCth_J-XtX1cgfM1n8esB3NzzwvO1VR3hywBzHsmGCYGFYE_vTGBXnBUA3_YdFkx1D-XkbJbdT0p5VFaP8XA6PING1fTizlNyWSz0QaKgVo0FQBj2XLsn18SjnKKkrYCX?key=P6G21DXvvMdyJ-me9BK6Kw" alt=""/></figure>



<p>El domicilio fiscal del centro es :&nbsp;&nbsp;</p>



<p>R4600437J</p>



<p>Plaza de la Iglesia, 10</p>



<p>Tel: &nbsp; &nbsp; 961261984</p>



<p>Web: https://www.colegiosantaana.es/wordpress/</p>



<p>Email: sasjm@colegiosantaana.es</p>



<p>46470 -Albal- 46000249</p>



<p>La población de Albal cuenta con un padrón de población censada al 1 de enero de 2.024 de 17.024 habitantes, según datos del INE &#8211; Instituto Nacional de Estadística Real Decreto 1.037/2022, de 20 de diciembre de 2.022. y cuenta con 4 colegios públicos y 1 concertado:</p>



<p>CC Santa Ana y San José de la Montaña</p>



<p>CP San Blas</p>



<p>CP Juan Esteve Muñoz</p>



<p>CP San Carlos Borromeo</p>



<p>CP La Balaguera</p>



<p>y un Instituto de Secundaria (IES Albal).</p>



<p><strong>Oferta y demanda educativa</strong></p>



<figure class="wp-block-image"><img decoding="async" src="https://lh7-rt.googleusercontent.com/docsz/AD_4nXeD_VSn7LVZtXbLcVNrvuFulsSq0yAWmCOeuxSlj3RnbXgiiXdeGHpgRKEiGzhvdRRTFWArIaGNfa1mbBcghcLZyFP8l5x6ZOpnplO2djiMeZHIhnCPnS7qUQFTxM82_-xpDyPuQQoSqM4y9DHSS7A8SLiG?key=P6G21DXvvMdyJ-me9BK6Kw" alt=""/></figure>



<p>La gráfica nos demuestra que, año tras año, la demanda social respecto a este tipo de centro es constante y debido a su reducido espacio, sólo podemos atender a una parte de esas solicitudes. Excepto a partir del curso 2020-2021, marcado por una notable bajada de natalidad que ha afectado a todos los centros de la localidad.</p>



<p>Es por esto, que necesitamos continuar con nuestra labor educativa, para poder atender esa demanda y satisfacer las necesidades de escolarización de las familias que optan por un centro con un carácter propio religioso.</p>



<p><strong>Alumnado</strong></p>



<p>El colegio Santa Ana y San José de la Montaña, es un centro privado concertado que se articula en tres etapas educativas:&nbsp;</p>



<ul class="wp-block-list">
<li>2º ciclo de E. Infantil</li>



<li>E. Primaria</li>



<li>E. Secundaria&nbsp;</li>



<li>y un aula de integración en E.Primaria</li>
</ul>



<p>Es un colegio de línea uno, todas ellas en régimen de concierto educativo.</p>



<p>De carácter propio religioso católico, titulado por la Congregación de Madres de Desamparados y San José de la Montaña y perteneciente a un Equipo de Titularidad de la Red de Centros MD (Madres de Desamparados y San José de la Montaña).</p>



<p>Es un centro familiar, la mayoría de los alumnos entra y se gradúa en la etapa de secundaria después de 13 años de escolarización.</p>



<p>No obstante el día a día y la convivencia suelen generar conflictos que hay que trabajar y prever.</p>



<p>En el curso 2024-2025 el Colegio Santa Ana y San José de la Montaña cuenta con 145 alumnos (45%) y 174 alumnas (55%), para un total de 323.</p>



<p></p>

<p>Nuestro colegio En 1963 D. Luis Arnau Moles, párroco de la iglesia&nbsp; Virgen de los Ángeles, decidió fundar un colegio en el entonces huerto de la “casa Abadía”. Aconsejados por D. Luis Arnau Moles, decidieron ceder la gestión del Colegio a las Madres de San José de la Montaña de las que era confesor y &#8230; <a title="Colegio" class="read-more" href="https://www.colegiosantaana.es/wordpress/colegio/" aria-label="Leer más sobre Colegio">Leer más</a></p>
