{"id":88,"date":"2022-11-07T11:02:17","date_gmt":"2022-11-07T10:02:17","guid":{"rendered":"https:\/\/www.colegiosantaana.es\/wordpress\/?page_id=88"},"modified":"2023-11-15T15:24:29","modified_gmt":"2023-11-15T14:24:29","slug":"caracter-propio-2","status":"publish","type":"page","link":"https:\/\/www.colegiosantaana.es\/wordpress\/caracter-propio-2\/","title":{"rendered":"Car\u00e1cter propio"},"content":{"rendered":"\n<p>El&nbsp;<strong>Car\u00e1cter Propio<\/strong>&nbsp;pretende dar respuesta a tres preguntas \u00edntimamente interrelacionadas:<\/p>\n\n\n\n<p>\u00bfCu\u00e1l es la identidad de la escuela cristiana MD?<\/p>\n\n\n\n<p>\u00bfQu\u00e9 tipo de educaci\u00f3n ofrece?<\/p>\n\n\n\n<p>\u00bfC\u00f3mo se organiza para prestar ese servicio a la sociedad?<\/p>\n\n\n\n<p>Las finalidades educativas reflejan la opci\u00f3n que realiza nuestra comunidad educativa y se concretan en principios, valores y normas legales que dotan de identidad propia a nuestros centros.<\/p>\n\n\n\n<p>Nuestro Centro, como Escuela Cat\u00f3lica, participa en la misi\u00f3n de la Iglesia y ha de ser, por ello, marco para el di\u00e1logo permanente de la fe con la cultura y lugar privilegiado de presentaci\u00f3n expl\u00edcita y viva del evangelio. Se trata de un centro vital donde el proceso educativo no es s\u00f3lo un progreso humano sino, \u201cverdadero itinerario cristiano hacia la perfecci\u00f3n\u201d, en una s\u00edntesis arm\u00f3nica que conjuga la formaci\u00f3n humana y cristiana.<\/p>\n\n\n\n<p>Nuestra identidad, en total consonancia con el carisma fundacional de nuestra Congregaci\u00f3n, se concreta en la entrega a la misi\u00f3n de educar, especialmente a los m\u00e1s necesitados, desde la perspectiva humanista-cristiana, presentando la fe como una opci\u00f3n personal, libre y consciente, vivida y proyectada hacia la sociedad mediante el testimonio y el compromiso.<\/p>\n\n\n\n<p><\/p>\n\n\n\n<p><\/p>\n\n\n\n<p class=\"has-text-align-right\"><strong>Misi\u00f3n, Visi\u00f3n y Valores<\/strong><\/p>\n\n\n\n<p><strong>Misi\u00f3n de los Centros MD<\/strong><\/p>\n\n\n\n<p>Las Madres de Desamparados y San Jos\u00e9 de la Monta\u00f1a juntamente con los laicos, se dedican, como objeto principal, a ejercer el amor misericordioso en favor de ni\u00f1os, j\u00f3venes y ancianos, con atenci\u00f3n preferente a los que se encuentran en situaci\u00f3n de vulnerabilidad; ampar\u00e1ndolos y educ\u00e1ndolos cristianamente. Tambi\u00e9n es importante considerar a todos los que, a\u00fan teniendo posibilidades econ\u00f3micas, carecen del sentido de la vida y\/o necesitan de afecto, cultura y formaci\u00f3n espiritual y humana. Religiosas y laicos ofrecen un contexto de acogida que lleve a la promoci\u00f3n integral de la persona para que sean individuos capaces de comprometerse en la construcci\u00f3n de un mundo m\u00e1s justo, solidario y fraterno.<\/p>\n\n\n\n<p><strong>Visi\u00f3n de los Centros MD<\/strong><\/p>\n\n\n\n<p>Los Centros MD son lugares acogedores desde su concepci\u00f3n trascendente del mundo y del ser humano, que atienden a ni\u00f1os, j\u00f3venes y ancianos en situaci\u00f3n de desamparo. Abiertos al cambio, a la innovaci\u00f3n y que ofrezcan un servicio de calidad, prestigio y reconocida credibilidad, que sea un referente en el \u00e1mbito de la Iglesia y de la sociedad.<\/p>\n\n\n\n<p>\u00bfQu\u00e9 son los valores de nuestros Centros MD?<\/p>\n\n\n\n<p>Los valores son los cimientos sobre los cuales debe regirse la manera de actuar de las personas que formamos parte de la familia MD.<\/p>\n\n\n\n<p>Vemos en la actualidad, que en nuestra sociedad se est\u00e1 inculcando en la persona el relativismo, podemos escuchar expresiones como \u201ctodo son verdades\u201d, \u201cno hay una verdad\u201d, \u201ctodo vale si a ti te sirve y si no, se desecha\u201d, a veces incluso a las personas.<\/p>\n\n\n\n<p>Bauman habla de una sociedad l\u00edquida en la que nada perdura, todo es precario, hay un ritmo cambiante e inestable, hay una gran tendencia al individualismo, al yoismo. Incluso, lo que antes era aceptado como malo, ahora es bueno. Y vemos en las series, en las pel\u00edculas que los superh\u00e9roes se emborrachan, que se puede ganar dinero a costa de lo que sea, hay mucha tendencia al cuidado de uno mismo pero a veces, por encima de los dem\u00e1s, etc.<\/p>\n\n\n\n<p>En medio de este mundo hostil, tenemos la delicada misi\u00f3n de inculcar los valores de nuestros centros.<\/p>\n\n\n\n<p><strong>Origen de la palabra VALOR<\/strong><\/p>\n\n\n\n<p>Viene del lat\u00edn \u201cValere\u201d que significa ser fuerte. En este contexto, los valores son virtudes o cualidades que caracterizan a una persona y que se consideran positivos o de gran importancia para un grupo social. Son proyectos ideales de comportarse y de existir que el ser humano aprecia, desea y busca.<\/p>\n\n\n\n<p><strong>Los valores de nuestra Familia MD<\/strong><\/p>\n\n\n\n<p>Estos son los valores que nos identifican, los valores que moraban en Madre Petra y nos dej\u00f3 como legado.<\/p>\n\n\n\n<p><strong>Caridad misericordiosa:<\/strong> Amor que se abaje a la miseria humana para remediarla y que tienda a suavizar, en la medida de lo posible, el desajuste emocional y social, la inseguridad interna y las frustraciones de la vida en sus diferentes etapas.<\/p>\n\n\n\n<p><strong>Acogida: <\/strong>Recibimiento, hospitalidad, protecci\u00f3n y amparo hacia el ser humano.<\/p>\n\n\n\n<p><strong>Esp\u00edritu de familia:<\/strong> Inspirado en la familia de Nazaret, hace de nuestros centros, ambientes c\u00e1lidos, espacios para el afecto y las relaciones interpersonales, contextos de colaboraci\u00f3n mutua, lugares de pertenencia que permiten a la persona construirse con unos valores comunes. Nos constituimos como una familia para las personas, donde el cari\u00f1o, la confianza, la tolerancia, el amor y la comprensi\u00f3n imperan en todos nuestros actos.<\/p>\n\n\n\n<p><strong>Alegr\u00eda:<\/strong> que brota de lo m\u00e1s profundo de nuestros corazones y se derrama en la vida cotidiana para conformar un estilo de vida. Es la alegr\u00eda que contagia, que llena de buen humor nuestros centros, que forja el optimismo y la visi\u00f3n positiva de los dem\u00e1s y de la vida.<\/p>\n\n\n\n<p><strong>Firmeza y Ternura:<\/strong> Madre Petra a trav\u00e9s de su vida nos invita a educar, acoger y cuidar con firmeza y ternura. La firmeza es la constancia y la responsabilidad de vivir los valores morales y espirituales. La ternura es la expresi\u00f3n m\u00e1s serena, bella y firme del amor. Es el respeto, el reconocimiento y el cari\u00f1o expresado en la caricia, en el detalle sutil, en el regalo inesperado, en la mirada, en la escucha atenta, o en el abrazo entregado y sincero. Gracias a la ternura, las relaciones afectivas crean las ra\u00edces del v\u00ednculo, del respeto, de la consideraci\u00f3n y del verdadero amor. Con la ternura, las personas reciben tambi\u00e9n un sost\u00e9n emocional fundamental.<\/p>\n\n\n\n<p><strong>Sensibilidad:<\/strong> Madre Petra supo ver en cada desfavorecido el mismo rostro de Cristo. Esa es la cuna de su sensibilidad hacia ellos. Guiados por su Carisma pondremos una mirada entra\u00f1able, de manera especial, por aquellas personas que m\u00e1s dificultades tienen, que sufren desconsuelo, que son rechazadas y\/o que viven en la soledad.<\/p>\n\n\n\n<p><strong>Confianza en la Providencia:<\/strong> La confianza en la Providencia nos dispone a sentirnos instrumentos en manos de Dios, para el bien de los dem\u00e1s. Como el Sembrador, nuestra tarea educativa es llenar de semillas de bien el coraz\u00f3n de las personas, con la confianza plena de que el Padre recoger\u00e1 los frutos. Toda la vida de nuestra fundadora est\u00e1 adornada de gestos hermosos de fe en la providencia divina que permanentemente le compensar\u00e1 su confianza.<\/p>\n\n\n\n<p><strong>Compromiso:<\/strong> Al comprometernos, ponemos al m\u00e1ximo nuestras capacidades para sacar adelante la tarea encomendada. El compromiso nos lleva a sentir como propia la Misi\u00f3n de la Congregaci\u00f3n.<\/p>\n\n\n\n<p>Nuestro Centro como Instituci\u00f3n comparte su misi\u00f3n, que surge de la llamada espec\u00edfica al seguimiento de Jes\u00fas de Nazaret, con otros profesores cristianos que hacen de su actividad educadora un aut\u00e9ntico apostolado, ejerciendo este ministerio laical en un intento compartido de impregnar de evangelio la sociedad.<\/p>\n\n\n\n<p>En este nuevo contexto de \u201cmisi\u00f3n compartida\u201d, el proyecto evangelizador de la Escuela Cat\u00f3lica, ya no queda garantizado s\u00f3lo, ni principalmente por las religiosas que trabajamos en el Colegio, sino por la comunidad de fe: religiosos y seglares que comparten&nbsp; la misi\u00f3n educativa.<\/p>\n\n\n\n<p>En consecuencia, los rasgos que deber\u00e1n definir a nuestro Centro son:<\/p>\n\n\n\n<ul class=\"wp-block-list\">\n<li>La calidad como efecto inmediato de la entrega y competencia del profesorado y de su actitud de formaci\u00f3n permanente.<\/li>\n\n\n\n<li>El trabajo serio y bien realizado de profesores\/as y alumnos\/as<\/li>\n\n\n\n<li>La creatividad pedag\u00f3gica que nos aparta de la rutina y mediocridad.<\/li>\n\n\n\n<li>La incorporaci\u00f3n de los padres, por lo que pueden aportar y por lo que el Colegio les ofrece.<\/li>\n\n\n\n<li>Di\u00e1logo racional, signo del respeto al otro y de tolerancia.<\/li>\n<\/ul>\n\n\n\n<figure class=\"wp-block-gallery has-nested-images columns-default is-cropped wp-block-gallery-1 is-layout-flex wp-block-gallery-is-layout-flex\">\n<figure class=\"wp-block-image size-full\"><img fetchpriority=\"high\" decoding=\"async\" width=\"886\" height=\"1358\" data-id=\"55\" src=\"https:\/\/www.colegiosantaana.es\/wordpress\/wp-content\/uploads\/2022\/10\/m_petra.jpg\" alt=\"\" class=\"wp-image-55\" srcset=\"https:\/\/www.colegiosantaana.es\/wordpress\/wp-content\/uploads\/2022\/10\/m_petra.jpg 886w, https:\/\/www.colegiosantaana.es\/wordpress\/wp-content\/uploads\/2022\/10\/m_petra-196x300.jpg 196w, https:\/\/www.colegiosantaana.es\/wordpress\/wp-content\/uploads\/2022\/10\/m_petra-668x1024.jpg 668w, https:\/\/www.colegiosantaana.es\/wordpress\/wp-content\/uploads\/2022\/10\/m_petra-768x1177.jpg 768w\" sizes=\"(max-width: 886px) 100vw, 886px\" \/><\/figure>\n<\/figure>\n","protected":false},"excerpt":{"rendered":"<p>El&nbsp;Car\u00e1cter Propio&nbsp;pretende dar respuesta a tres preguntas \u00edntimamente interrelacionadas: \u00bfCu\u00e1l es la identidad de la escuela cristiana MD? \u00bfQu\u00e9 tipo de educaci\u00f3n ofrece? \u00bfC\u00f3mo se organiza para prestar ese servicio a la sociedad? Las finalidades educativas reflejan la opci\u00f3n que realiza nuestra comunidad educativa y se concretan en principios, valores y normas legales que dotan &#8230; <a title=\"Car\u00e1cter propio\" class=\"read-more\" href=\"https:\/\/www.colegiosantaana.es\/wordpress\/caracter-propio-2\/\" aria-label=\"Leer m\u00e1s sobre Car\u00e1cter propio\">Leer m\u00e1s<\/a><\/p>\n","protected":false},"author":1,"featured_media":0,"parent":0,"menu_order":0,"comment_status":"closed","ping_status":"closed","template":"","meta":{"footnotes":""},"class_list":["post-88","page","type-page","status-publish"],"_links":{"self":[{"href":"https:\/\/www.colegiosantaana.es\/wordpress\/wp-json\/wp\/v2\/pages\/88","targetHints":{"allow":["GET"]}}],"collection":[{"href":"https:\/\/www.colegiosantaana.es\/wordpress\/wp-json\/wp\/v2\/pages"}],"about":[{"href":"https:\/\/www.colegiosantaana.es\/wordpress\/wp-json\/wp\/v2\/types\/page"}],"author":[{"embeddable":true,"href":"https:\/\/www.colegiosantaana.es\/wordpress\/wp-json\/wp\/v2\/users\/1"}],"replies":[{"embeddable":true,"href":"https:\/\/www.colegiosantaana.es\/wordpress\/wp-json\/wp\/v2\/comments?post=88"}],"version-history":[{"count":4,"href":"https:\/\/www.colegiosantaana.es\/wordpress\/wp-json\/wp\/v2\/pages\/88\/revisions"}],"predecessor-version":[{"id":580,"href":"https:\/\/www.colegiosantaana.es\/wordpress\/wp-json\/wp\/v2\/pages\/88\/revisions\/580"}],"wp:attachment":[{"href":"https:\/\/www.colegiosantaana.es\/wordpress\/wp-json\/wp\/v2\/media?parent=88"}],"curies":[{"name":"wp","href":"https:\/\/api.w.org\/{rel}","templated":true}]}}

Carácter propio

<p>El&nbsp;<strong>Carácter Propio</strong>&nbsp;pretende dar respuesta a tres preguntas íntimamente interrelacionadas:</p>



<p>¿Cuál es la identidad de la escuela cristiana MD?</p>



<p>¿Qué tipo de educación ofrece?</p>



<p>¿Cómo se organiza para prestar ese servicio a la sociedad?</p>



<p>Las finalidades educativas reflejan la opción que realiza nuestra comunidad educativa y se concretan en principios, valores y normas legales que dotan de identidad propia a nuestros centros.</p>



<p>Nuestro Centro, como Escuela Católica, participa en la misión de la Iglesia y ha de ser, por ello, marco para el diálogo permanente de la fe con la cultura y lugar privilegiado de presentación explícita y viva del evangelio. Se trata de un centro vital donde el proceso educativo no es sólo un progreso humano sino, “verdadero itinerario cristiano hacia la perfección”, en una síntesis armónica que conjuga la formación humana y cristiana.</p>



<p>Nuestra identidad, en total consonancia con el carisma fundacional de nuestra Congregación, se concreta en la entrega a la misión de educar, especialmente a los más necesitados, desde la perspectiva humanista-cristiana, presentando la fe como una opción personal, libre y consciente, vivida y proyectada hacia la sociedad mediante el testimonio y el compromiso.</p>



<p></p>



<p></p>



<p class="has-text-align-right"><strong>Misión, Visión y Valores</strong></p>



<p><strong>Misión de los Centros MD</strong></p>



<p>Las Madres de Desamparados y San José de la Montaña juntamente con los laicos, se dedican, como objeto principal, a ejercer el amor misericordioso en favor de niños, jóvenes y ancianos, con atención preferente a los que se encuentran en situación de vulnerabilidad; amparándolos y educándolos cristianamente. También es importante considerar a todos los que, aún teniendo posibilidades económicas, carecen del sentido de la vida y/o necesitan de afecto, cultura y formación espiritual y humana. Religiosas y laicos ofrecen un contexto de acogida que lleve a la promoción integral de la persona para que sean individuos capaces de comprometerse en la construcción de un mundo más justo, solidario y fraterno.</p>



<p><strong>Visión de los Centros MD</strong></p>



<p>Los Centros MD son lugares acogedores desde su concepción trascendente del mundo y del ser humano, que atienden a niños, jóvenes y ancianos en situación de desamparo. Abiertos al cambio, a la innovación y que ofrezcan un servicio de calidad, prestigio y reconocida credibilidad, que sea un referente en el ámbito de la Iglesia y de la sociedad.</p>



<p>¿Qué son los valores de nuestros Centros MD?</p>



<p>Los valores son los cimientos sobre los cuales debe regirse la manera de actuar de las personas que formamos parte de la familia MD.</p>



<p>Vemos en la actualidad, que en nuestra sociedad se está inculcando en la persona el relativismo, podemos escuchar expresiones como “todo son verdades”, “no hay una verdad”, “todo vale si a ti te sirve y si no, se desecha”, a veces incluso a las personas.</p>



<p>Bauman habla de una sociedad líquida en la que nada perdura, todo es precario, hay un ritmo cambiante e inestable, hay una gran tendencia al individualismo, al yoismo. Incluso, lo que antes era aceptado como malo, ahora es bueno. Y vemos en las series, en las películas que los superhéroes se emborrachan, que se puede ganar dinero a costa de lo que sea, hay mucha tendencia al cuidado de uno mismo pero a veces, por encima de los demás, etc.</p>



<p>En medio de este mundo hostil, tenemos la delicada misión de inculcar los valores de nuestros centros.</p>



<p><strong>Origen de la palabra VALOR</strong></p>



<p>Viene del latín “Valere” que significa ser fuerte. En este contexto, los valores son virtudes o cualidades que caracterizan a una persona y que se consideran positivos o de gran importancia para un grupo social. Son proyectos ideales de comportarse y de existir que el ser humano aprecia, desea y busca.</p>



<p><strong>Los valores de nuestra Familia MD</strong></p>



<p>Estos son los valores que nos identifican, los valores que moraban en Madre Petra y nos dejó como legado.</p>



<p><strong>Caridad misericordiosa:</strong> Amor que se abaje a la miseria humana para remediarla y que tienda a suavizar, en la medida de lo posible, el desajuste emocional y social, la inseguridad interna y las frustraciones de la vida en sus diferentes etapas.</p>



<p><strong>Acogida: </strong>Recibimiento, hospitalidad, protección y amparo hacia el ser humano.</p>



<p><strong>Espíritu de familia:</strong> Inspirado en la familia de Nazaret, hace de nuestros centros, ambientes cálidos, espacios para el afecto y las relaciones interpersonales, contextos de colaboración mutua, lugares de pertenencia que permiten a la persona construirse con unos valores comunes. Nos constituimos como una familia para las personas, donde el cariño, la confianza, la tolerancia, el amor y la comprensión imperan en todos nuestros actos.</p>



<p><strong>Alegría:</strong> que brota de lo más profundo de nuestros corazones y se derrama en la vida cotidiana para conformar un estilo de vida. Es la alegría que contagia, que llena de buen humor nuestros centros, que forja el optimismo y la visión positiva de los demás y de la vida.</p>



<p><strong>Firmeza y Ternura:</strong> Madre Petra a través de su vida nos invita a educar, acoger y cuidar con firmeza y ternura. La firmeza es la constancia y la responsabilidad de vivir los valores morales y espirituales. La ternura es la expresión más serena, bella y firme del amor. Es el respeto, el reconocimiento y el cariño expresado en la caricia, en el detalle sutil, en el regalo inesperado, en la mirada, en la escucha atenta, o en el abrazo entregado y sincero. Gracias a la ternura, las relaciones afectivas crean las raíces del vínculo, del respeto, de la consideración y del verdadero amor. Con la ternura, las personas reciben también un sostén emocional fundamental.</p>



<p><strong>Sensibilidad:</strong> Madre Petra supo ver en cada desfavorecido el mismo rostro de Cristo. Esa es la cuna de su sensibilidad hacia ellos. Guiados por su Carisma pondremos una mirada entrañable, de manera especial, por aquellas personas que más dificultades tienen, que sufren desconsuelo, que son rechazadas y/o que viven en la soledad.</p>



<p><strong>Confianza en la Providencia:</strong> La confianza en la Providencia nos dispone a sentirnos instrumentos en manos de Dios, para el bien de los demás. Como el Sembrador, nuestra tarea educativa es llenar de semillas de bien el corazón de las personas, con la confianza plena de que el Padre recogerá los frutos. Toda la vida de nuestra fundadora está adornada de gestos hermosos de fe en la providencia divina que permanentemente le compensará su confianza.</p>



<p><strong>Compromiso:</strong> Al comprometernos, ponemos al máximo nuestras capacidades para sacar adelante la tarea encomendada. El compromiso nos lleva a sentir como propia la Misión de la Congregación.</p>



<p>Nuestro Centro como Institución comparte su misión, que surge de la llamada específica al seguimiento de Jesús de Nazaret, con otros profesores cristianos que hacen de su actividad educadora un auténtico apostolado, ejerciendo este ministerio laical en un intento compartido de impregnar de evangelio la sociedad.</p>



<p>En este nuevo contexto de “misión compartida”, el proyecto evangelizador de la Escuela Católica, ya no queda garantizado sólo, ni principalmente por las religiosas que trabajamos en el Colegio, sino por la comunidad de fe: religiosos y seglares que comparten&nbsp; la misión educativa.</p>



<p>En consecuencia, los rasgos que deberán definir a nuestro Centro son:</p>



<ul class="wp-block-list">
<li>La calidad como efecto inmediato de la entrega y competencia del profesorado y de su actitud de formación permanente.</li>



<li>El trabajo serio y bien realizado de profesores/as y alumnos/as</li>



<li>La creatividad pedagógica que nos aparta de la rutina y mediocridad.</li>



<li>La incorporación de los padres, por lo que pueden aportar y por lo que el Colegio les ofrece.</li>



<li>Diálogo racional, signo del respeto al otro y de tolerancia.</li>
</ul>



<figure class="wp-block-gallery has-nested-images columns-default is-cropped wp-block-gallery-1 is-layout-flex wp-block-gallery-is-layout-flex">
<figure class="wp-block-image size-full"><img fetchpriority="high" decoding="async" width="886" height="1358" data-id="55" src="https://www.colegiosantaana.es/wordpress/wp-content/uploads/2022/10/m_petra.jpg" alt="" class="wp-image-55" srcset="https://www.colegiosantaana.es/wordpress/wp-content/uploads/2022/10/m_petra.jpg 886w, https://www.colegiosantaana.es/wordpress/wp-content/uploads/2022/10/m_petra-196x300.jpg 196w, https://www.colegiosantaana.es/wordpress/wp-content/uploads/2022/10/m_petra-668x1024.jpg 668w, https://www.colegiosantaana.es/wordpress/wp-content/uploads/2022/10/m_petra-768x1177.jpg 768w" sizes="(max-width: 886px) 100vw, 886px" /></figure>
</figure>

<p>El&nbsp;Carácter Propio&nbsp;pretende dar respuesta a tres preguntas íntimamente interrelacionadas: ¿Cuál es la identidad de la escuela cristiana MD? ¿Qué tipo de educación ofrece? ¿Cómo se organiza para prestar ese servicio a la sociedad? Las finalidades educativas reflejan la opción que realiza nuestra comunidad educativa y se concretan en principios, valores y normas legales que dotan &#8230; <a title="Carácter propio" class="read-more" href="https://www.colegiosantaana.es/wordpress/caracter-propio-2/" aria-label="Leer más sobre Carácter propio">Leer más</a></p>
